 common divisor of 24 and 4640376.
24
Calculate the highest common divisor of 128 and 17304.
8
What is the greatest common divisor of 205476 and 60?
12
What is the greatest common factor of 548424 and 216?
216
Calculate the highest common factor of 1808 and 208.
16
What is the highest common divisor of 398905 and 208?
13
What is the highest common divisor of 374 and 314534?
374
What is the highest common factor of 6153 and 11427?
879
Calculate the greatest common factor of 1355935 and 3325.
665
What is the greatest common divisor of 9306 and 257184?
846
What is the highest common divisor of 39297 and 9?
3
Calculate the greatest common divisor of 10511 and 69.
23
Calculate the highest common divisor of 225 and 990.
45
What is the highest common divisor of 4048 and 143?
11
Calculate the highest common factor of 1956 and 276.
12
Calculate the greatest common divisor of 324020 and 5440.
340
What is the greatest common divisor of 19 and 203585?
19
What is the highest common divisor of 257721 and 3252?
813
Calculate the greatest common divisor of 190094 and 102.
34
Calculate the highest common factor of 29664 and 62496.
288
What is the highest common divisor of 21 and 1009099?
7
Calculate the highest common factor of 688 and 3356.
4
What is the highest common factor of 6118 and 393680?
266
Calculate the highest common factor of 101 and 5813055.
101
Calculate the highest common factor of 806776 and 120.
8
Calculate the greatest common divisor of 10059 and 42.
21
Calculate the greatest common factor of 7018 and 30371.
121
Calculate the highest common divisor of 1829 and 8.
1
Calculate the highest common divisor of 1106 and 7161903.
553
What is the greatest common factor of 11750 and 16685?
235
What is the greatest common factor of 1145 and 29999?
229
Calculate the greatest common factor of 893 and 24529.
19
Calculate the highest common factor of 709061 and 8911.
1273
What is the highest common factor of 17 and 38063?
17
What is the highest common divisor of 6032 and 52896?
464
Calculate the greatest common factor of 1 and 805.
1
What is the highest common divisor of 7502 and 133826?
242
What is the highest common divisor of 3764 and 32?
4
Calculate the greatest common divisor of 2877 and 91896.
21
What is the greatest common divisor of 29385 and 45?
45
What is the highest common factor of 8532 and 3051?
27
What is the greatest common factor of 1512 and 189672?
168
Calculate the highest common divisor of 5458737 and 379.
379
Calculate the highest common factor of 6 and 6351.
3
Calculate the highest common divisor of 27152 and 176.
16
What is the greatest common divisor of 34726 and 10382?
358
Calculate the greatest common divisor of 3 and 36729.
3
What is the greatest common divisor of 30 and 70095?
15
Calculate the highest common factor of 540 and 19908.
36
What is the greatest common factor of 4 and 1618?
2
What is the greatest common divisor of 204970 and 206?
206
Calculate the greatest common divisor of 3042 and 139425.
507
Calculate the highest common divisor of 66 and 2651.
11
What is the highest common divisor of 5487 and 3?
3
What is the greatest common divisor of 253 and 42878?
11
What is the greatest common divisor of 120 and 254680?
40
Calculate the greatest common factor of 5345 and 170.
5
Calculate the highest common factor of 1224035 and 15.
5
Calculate the highest common divisor of 68120 and 1930.
10
Calculate the greatest common factor of 85064 and 32.
8
Calculate the greatest common factor of 5127 and 1213390.
1709
Calculate the greatest common divisor of 10 and 46335.
5
What is the highest common factor of 2084 and 103679?
521
Calculate the greatest common factor of 1404 and 1368.
36
Calculate the greatest common factor of 396 and 4338.
18
What is the greatest common factor of 36 and 28440?
36
Calculate the greatest common factor of 523252 and 13364.
1028
Calculate the highest common factor of 17 and 75.
1
Calculate the greatest common factor of 731757 and 52.
13
What is the greatest common factor of 210 and 2558850?
210
Calculate the greatest common divisor of 800 and 128560.
80
What is the highest common divisor of 896 and 29000?
8
Calculate the highest common factor of 940 and 2780.
20
Calculate the greatest common factor of 332 and 1211634.
166
Calculate the highest common factor of 542980 and 391.
17
What is the highest common factor of 350 and 22350?
50
What is the greatest common factor of 17517 and 9?
3
Calculate the greatest common divisor of 5032 and 36186.
74
Calculate the greatest common divisor of 42734 and 920.
46
What is the highest common divisor of 221 and 117?
13
Calculate the greatest common divisor of 179074 and 126.
14
What is the greatest common factor of 2 and 36794?
2
What is the greatest common divisor of 2592 and 19116?
324
What is the greatest common factor of 2718 and 29596?
302
What is the highest common divisor of 52700 and 102?
34
Calculate the highest common divisor of 139432 and 16.
8
What is the highest common factor of 266 and 431908?
38
What is the greatest common divisor of 138 and 40779?
69
Calculate the highest common divisor of 10485 and 4689.
9
What is the greatest common factor of 9333 and 10047?
51
Calculate the highest common factor of 42 and 27510.
42
What is the highest common factor of 2944 and 329912?
184
Calculate the highest common divisor of 4719 and 325.
13
Calculate the greatest common divisor of 615865 and 1665.
185
Calculate the highest common divisor of 2436 and 9831.
87
What is the greatest common divisor of 19824 and 4704?
336
What is the greatest common divisor of 5370 and 3720?
30
What is the greatest common divisor of 24351 and 3?
3
What is the highest common factor of 4464 and 466736?
496
What is the highest common divisor of 19985 and 2240?
35
Calculate the highest common factor of 51 and 7259.
17
What is the highest common divisor of 29438 and 76826?
718
What is the greatest common factor of 282 and 3854?
94
Calculate the greatest common factor of 12336 and 1524.
12
Calculate the greatest common factor of 51039 and 2033.
107
What is the greatest common factor of 7410 and 351?
39
What is the highest common factor of 20430 and 4?
2
What is the greatest common divisor of 24 and 547572?
12
What is the highest common factor of 1431 and 21624?
159
Calculate the greatest common factor of 256 and 834.
2
What is the greatest common divisor of 1296894 and 12?
6
Calculate the highest common factor of 301 and 1484.
7
Calculate the greatest common divisor of 45300 and 2416.
604
What is the highest common factor of 286 and 767822?
22
Calculate the highest common divisor of 14324 and 8.
4
Calculate the greatest common divisor of 42578 and 610.
122
What is the highest common divisor of 188710 and 452?
226
What is the greatest common divisor of 324276 and 732?
732
Calculate the greatest common divisor of 30206 and 77.
11
Calculate the greatest common divisor of 20448 and 132768.
288
What is the highest common divisor of 885 and 465?
15
Calculate the greatest common factor of 2345 and 63851.
67
Calculate the greatest common factor of 400 and 1557925.
25
What is the greatest common factor of 1859 and 1221?
11
What is the highest common divisor of 1776 and 4008?
24
What is the greatest common factor of 17 and 761?
1
What is the highest common factor of 207312 and 1344?
336
Calculate the greatest common factor of 5491 and 83562.
19
Calculate the greatest common divisor of 47375 and 7959.
379
What is the greatest common factor of 95823 and 2821?
91
Calculate the highest common divisor of 249 and 985791.
249
What is the highest common factor of 911473 and 22730?
2273
What is the greatest common divisor of 13917327 and 123?
123
What is the highest common factor of 8 and 296936?
8
Calculate the highest common divisor of 6106 and 88666.
86
Calculate the highest common factor of 2469 and 57.
3
What is the greatest common factor of 896 and 66760?
8
What is the highest common factor of 50807 and 1269?
47
What is the greatest common factor of 135 and 21195?
135
Calculate the greatest common factor of 5173 and 224.
7
Calculate the highest common divisor of 1921245 and 15.
15
Calculate the highest common factor of 1130 and 520.
10
Calculate the greatest common factor of 5124446 and 782.
782
What is